e the remainder when 22 is divided by l.
10
Let x(y) = 11*y**2 - 2*y. What is the remainder when x(3) is divided by 32?
29
Suppose -h = 5*h - 48. Calculate the remainder when 69 is divided by h.
5
Let t(h) = 2*h - 2. Let j be t(3). Let g(u) = u**3 + j - 5*u - 3 - 3*u**2 + 6*u**2. Calculate the remainder when 13 is divided by g(-4).
3
Let r(u) be the second derivative of 5*u**3/6 + u**2/2 + u. Let o be (-2)/(-4)*0 - (5 + -6). Calculate the remainder when r(o) is divided by 4.
2
Let m(z) = 13*z - 1. Let b be m(1). Let y be (-1 - 2)*16/b. What is the remainder when 44 - (-1)/(2/y) is divided by 15?
12
Let p(t) = -2*t + 3. Let y be p(-6). Suppose 4*u + 3*v = 12, -y = -3*u - 2*u - 2*v. What is the remainder when ((-7)/2 + 1)/(13/(-26)) is divided by u?
2
Let v = -202 + 300. Let d = v + -66. What is the remainder when d is divided by 11?
10
Suppose 98 = r + 19. What is the remainder when r is divided by 20?
19
Let o(l) = -l**3 + l + 18. Let y be o(0). Let w be (-6)/y + 22/(-6). What is the remainder when 2 is divided by (w/8)/(2/(-8))?
0
Suppose 5*t - 2*t - 99 = 0. Suppose z + 2*z = t. What is the remainder when 19 is divided by z?
8
Let j(b) = 3*b. What is the remainder when 20 is divided by j(2)?
2
Let u(f) = -f**2 + 8*f - 6. Suppose -41*o = -26 - 97. What is the remainder when u(5) is divided by o?
0
What is the remainder when 1 + -2 - 48/(-1) is divided by 1/2 - (-46)/4?
11
Let y = -22 + 59. Calculate the remainder when y is divided by 8.
5
Suppose 3*f = -4*s + 102, -4*s + 2*f = -f - 90. Let c(j) = -j**3 - 4*j**2 + 4*j - 1. Calculate the remainder when c(-6) is divided by s.
23
Suppose -7 = -5*t + 48. Calculate the remainder when 53 is divided by t.
9
What is the remainder when (2 - 6) + 162/2 is divided by 20?
17
Let w(z) = -5*z**3 + z**2 - z - 1. What is the remainder when 17 is divided by w(-1)?
5
Calculate the remainder when 56 is divided by 4/(-6) + 174/18 - -1.
6
Let s = -4 + 15. What is the remainder when 32 is divided by s?
10
Let o(i) = i + 10. Let r be 288/20 - (-2)/(-5). Let c = -10 + r. Calculate the remainder when c is divided by o(-7).
1
Let s(t) = -t**2 - 7*t - 1. Let i be s(-6). Suppose 0 = 6*m - i*m - 15. Calculate the remainder when 44 is divided by m.
14
Suppose 2*w + 5*l + 72 = 0, 3*w - 4*w - 39 = 4*l. Let b = -4 - w. Calculate the remainder when 50 is divided by 4/18 + 453/b.
16
Let b(p) = 13*p**2 + 3*p + 1. Let o = 5 - 7. Let x be 1 + o/(2/3). What is the remainder when b(x) is divided by 16?
15
Suppose 0 = 3*f + 73 - 223. What is the remainder when f is divided by 18?
14
Let n(m) = 7*m**2 - m. Let w be n(-1). Let a(r) = -r**3 - 14*r**2 - 16*r - 22. What is the remainder when a(-13) is divided by (w - 0/2) + -2?
5
Suppose 0 = 2*k - 2*r - 5 - 3, k = 3*r. What is the remainder when 18 is divided by k?
0
Let k = -5 - -37. Calculate the remainder when k is divided by 12.
8
Let q(k) = k**3 - 2*k**2 - 9*k + 10. What is the remainder when q(7) is divided by 39?
36
Let u(l) = -4*l - 3. Suppose 2*r + 56 = r. Let q be (-6)/15 + r/10. Calculate the remainder when u(q) is divided by 11.
10
What is the remainder when 59 is divided by (-3)/(((-12)/21)/4)?
17
Calculate the remainder when 36 is divided by ((-2)/(-6) - 0)/(9/378).
8
Let y = 2 + 0. What is the remainder when (y + 0)*(-276)/(-8) is divided by 18?
15
Suppose -44 = -22*g + 20*g. What is the remainder when 86 is divided by g?
20
Let y(h) = -h**2 + 5*h - 5. Let q be y(2). Let c(t) = 1 + 6*t + 9*t + t. What is the remainder when 49 is divided by c(q)?
15
Let i = 12 + -6. What is the remainder when 5/15 - (-280)/i is divided by 16?
15
Let g(h) = -h**3 - 9*h**2 - 7*h - 15. What is the remainder when g(-9) is divided by 10?
8
Let m be (-2 - 1) + 2 - -4. Suppose 0 = -2*p - m + 15. Calculate the remainder when 16 is divided by p.
4
Let a = 11 - 8. Suppose l - 16 = 2*s, 2*l - a*l = 2*s. Calculate the remainder when l is divided by 2 + -1*(1 + -2).
2
Let i(z) = -4*z - 6. Let j be i(-4). Suppose -g = 2*v, -4*g - j + 2 = 0. Suppose -h = v - 5. Calculate the remainder when h is divided by 3.
1
Suppose 4*y = h + 37, 0*y - y - h + 3 = 0. Let q be ((-2)/3)/(-1)*15. Suppose -i + 12 = -q. Calculate the remainder when i is divided by y.
6
Let r(q) = -4*q**3 - 3*q**2 - 2*q - 1. Let n = 7 - -61. Calculate the remainder when n is divided by r(-2).
22
Suppose -d + 33 = 2*j, -7*j = -3*j - 5*d - 31. Calculate the remainder when j is divided by 3.
2
Let v = -30 - -77. Suppose -z - 3*d + 0 = 5, -v = -5*z + 3*d. Calculate the remainder when z is divided by 5.
2
Let v(k) = -3*k. Calculate the remainder when v(-3) is divided by 5.
4
Let w(p) be the second derivative of -p**4/12 + p**3/2 + 3*p**2/2 - 2*p. Let x be w(3). Suppose 5*g - 104 = x*g. What is the remainder when g is divided by 27?
25
Let i = 69 + -53. What is the remainder when 46 is divided by i?
14
Let p = 19 - 9. Calculate the remainder when p is divided by 4.
2
Let o(s) = 2*s**2 + 3*s - 2. Let p be o(-3). Let a = p + 1. What is the remainder when 31 is divided by a?
7
Let x = 0 - -3. Suppose i = x + 19. What is the remainder when 87 is divided by i?
21
Let j = 0 - -3. Suppose 7 + 2 = j*n. Calculate the remainder when n is divided by 2.
1
Suppose -x + 4*x = 30. Let d = -12 + 18. Calculate the remainder when x is divided by d.
4
Let b = -8 + 41. What is the remainder when 263 is divided by b?
32
Let u(z) = 4*z**2 + 1. Let q be -1 - -78*1/(-2). Let i = q + 73. What is the remainder when i is divided by u(-2)?
16
What is the remainder when (-4)/2*(-50)/(5 + 0) is divided by 2/(-5) + 186/15?
8
Let o(f) = -f + 3. Let w(l) = -38*l + 2. Let r be w(-1). Suppose -5*p - 4*h = -r, 0*h + 5*h = 4*p - 32. What is the remainder when p is divided by o(0)?
2
Suppose -14 - 1 = -x. Suppose -x = 3*p, 5*l - 90 = 5*p - p. Calculate the remainder when 27 is divided by l.
13
Let f = -112 + 157. What is the remainder when f is divided by 16?
13
Suppose -u + 1 = -3*k + 5, 0 = 4*k - 2*u - 8. Suppose k*z + 18 = -2*z. Let l = z - -26. Calculate the remainder when 49 is divided by l.
15
Let c = 6 - 11. Let m(i) = -3*i**3 - 1. Calculate the remainder when m(-2) is divided by -2*(2 + c)*2.
11
Suppose -5*k + 0*k + 30 = 0. Suppose -2*d + z + 9 = 0, d = -4*d + 5*z + 35. Calculate the remainder when k is divided by d.
0
Suppose -4*r = r, 4*y = 2*r + 144. What is the remainder when y is divided by 13?
10
Let d(w) = w**3 - 3*w**2 + 6*w - 1. Calculate the remainder when d(4) is divided by 15.
9
Let n be (-8)/(-6)*306/12. Suppose -8 = x - 5*i - n, -2*i = x - 12. Calculate the remainder when 46 is divided by x.
14
Suppose k = -3*k + 3*a - 4, 2*k = -2*a + 12. Suppose w = k + 2. What is the remainder when w is divided by 2?
0
Let x(q) = -3*q - 31. What is the remainder when 95 is divided by x(-15)?
11
Suppose 0 = p + 3*m - 13, 2*p = 5*m - 3 + 7. Calculate the remainder when 32 is divided by p.
4
Let v(s) = 10*s**2 + 4*s - 2. What is the remainder when v(1) is divided by 2?
0
Let p(f) = -2*f + 7. Let q be p(7). Let u(j) = 3*j - 8 - 3*j + j**3 + 7*j**2 - 2*j. What is the remainder when 16 is divided by u(q)?
4
Let i = 19 + -12. Let m = i - -14. Suppose 0*z = -5*z - 2*v + 206, -v = -5*z + 197. What is the remainder when z is divided by m?
19
Let p(y) = y**2 + 2*y - 2. Let f(w) = -2*w**2 - 3*w + 1. Let l(u) = -2*f(u) - 3*p(u). Calculate the remainder when 24 is divided by l(-3).
11
Suppose -5*p + 6*p = 3. What is the remainder when 7 is divided by p?
1
Suppose -2*k + 406 = d, -3*k + k = -2*d - 400. Calculate the remainder when k is divided by 41.
38
Let p = -79 + 126. Let u be 8/(-20) + (-72)/(-5). Calculate the remainder when p is divided by 3/6*4 + u.
15
Suppose -5*x + 206 = -f + 43, -2*x + f + 64 = 0. Let h be 3 + -1 + 1*4. Let p(z) = z**3 - 7*z**2 + 10*z - 7. What is the remainder when x is divided by p(h)?
16
Let z(l) = -l**3 + 3*l**2 + 7*l + 8. What is the remainder when 58 is divided by z(4)?
18
Suppose 2*w - 4*w = -s + 7, 0 = -s - 3*w - 3. Let c = 0 + s. Calculate the remainder when 4 is divided by c.
1
Suppose -6*v - 28 = -10*v. Suppose 2*d - v*d + 55 = 0. Let m(i) = -i**2 - 5*i - 2. What is the remainder when d is divided by m(-3)?
3
Let m(n) be the first derivative of 11*n**2/2 + n + 1. What is the remainder when m(2) is divided by 15 + (-2 - (2 + -1))?
11
Suppose -4*z = -3*o